2 divide 71077677?
False
Is 17 a factor of 319056187?
True
Is 1210322135 a multiple of 1689?
False
Is 3704436 a multiple of 102?
True
Is 42659370 a multiple of 30?
True
Is 34990727 a multiple of 103?
False
Is 40 a factor of 458935037?
False
Does 161 divide 2076722?
False
Is 180496650 a multiple of 2550?
True
Is 374989583 a multiple of 21?
False
Is 4169998 a multiple of 14?
True
Does 4482 divide 358548868?
False
Is 38903282 a multiple of 737?
True
Is 1826 a factor of 179372915?
False
Is 5 a factor of 7605900?
True
Does 3 divide 5515347?
True
Is 13748417 a multiple of 8?
False
Does 518 divide 455690816?
True
Is 34315155 a multiple of 123?
True
Is 944 a factor of 2407154050?
False
Is 65 a factor of 23771328?
False
Is 4 a factor of 534163496?
True
Is 113 a factor of 79067108?
False
Is 1983949 a multiple of 2?
False
Does 20 divide 149465345?
False
Does 41 divide 52793322?
True
Does 403 divide 262702293?
False
Is 93 a factor of 395560971?
False
Does 120 divide 60869880?
True
Does 13 divide 3143536300?
False
Is 14 a factor of 10535840?
True
Is 29821373 a multiple of 5?
False
Is 186934176 a multiple of 107?
False
Is 117011205 a multiple of 45?
True
Is 271139139 a multiple of 395?
False
Does 75 divide 336429525?
True
Is 168507552 a multiple of 48?
True
Is 895 a factor of 1220505235?
True
Is 23602835 even?
False
Does 322 divide 252130508?
True
Does 461 divide 737695888?
True
Is 7 a factor of 12757962?
True
Is 646292795 a multiple of 3213?
False
Is 39385953 a multiple of 41?
True
Does 8 divide 8826578?
False
Is 192 a factor of 23411174?
False
Is 425778471 a multiple of 1885?
False
Is 46 a factor of 133309150?
True
Does 667 divide 62733484?
False
Is 575379153 a multiple of 5869?
True
Does 187 divide 64396629?
True
Is 4739 a factor of 6885767?
True
Is 69459386 a multiple of 442?
False
Does 135 divide 2040176?
False
Does 1825 divide 79500983?
False
Is 14031477 a multiple of 115?
False
Is 314738580 a multiple of 39?
True
Is 602 a factor of 5905620?
True
Does 12 divide 57380097?
False
Does 47 divide 4636992?
False
Is 35098864 a multiple of 21?
False
Is 46476099 a multiple of 27?
True
Is 309038256 a multiple of 2232?
True
Is 11200029 a multiple of 417?
False
Does 13 divide 19831266?
True
Does 456 divide 111038503?
False
Is 3990 a factor of 385031010?
True
Is 165988322 a multiple of 15?
False
Does 428 divide 107748413?
False
Is 123 a factor of 9348933?
False
Is 3168809 a multiple of 12?
False
Is 63095984 a multiple of 433?
False
Is 11 a factor of 380570905?
True
Is 20 a factor of 201970000?
True
Is 43868032 a multiple of 41?
True
Is 146 a factor of 2980164994?
True
Is 2616960 a multiple of 282?
True
Is 138 a factor of 45592465?
False
Is 11 a factor of 48803229?
False
Is 41 a factor of 75583254?
True
Is 6162242625 a multiple of 261?
True
Is 5336 a factor of 1365886138?
False
Does 71 divide 135707228?
False
Is 7 a factor of 581062278?
False
Is 28 a factor of 29407952?
True
Is 2458 a factor of 46222690?
True
Is 1112804948 a multiple of 277?
False
Does 296 divide 3459834813?
False
Is 92705376 a multiple of 9?
False
Is 12771620 a multiple of 10?
True
Is 48107015 a multiple of 486?
False
Is 32 a factor of 201872325?
False
Is 8467 a factor of 2439492893?
False
Is 17953429 a multiple of 17?
False
Is 35870661 a multiple of 711?
True
Does 2611 divide 199495479?
False
Is 98 a factor of 314020812?
True
Is 616958148 a multiple of 183?
True
Is 3 a factor of 6231873?
True
Is 303 a factor of 129984879?
True
Is 1868332608 a multiple of 492?
True
Does 490 divide 36737260?
True
Does 175 divide 18274278?
False
Is 45333175 a multiple of 12?
False
Is 199047135 a multiple of 133?
True
Is 98 a factor of 330907941?
False
Does 23 divide 793776?
True
Is 2551 a factor of 63828571?
True
Does 15142 divide 1183705521?
False
Is 38 a factor of 93985248?
True
Is 53416671 a multiple of 7?
True
Is 219028678 a multiple of 814?
True
Is 43 a factor of 5118232?
False
Does 2727 divide 201036832?
False
Does 96 divide 19475136?
True
Does 195 divide 532155975?
True
Is 1216194494 a multiple of 1418?
True
Is 746 a factor of 14006896?
True
Does 91 divide 196804807?
False
Is 300 a factor of 140506808?
False
Is 29 a factor of 2990564622?
True
Does 24 divide 136889162?
False
Does 76 divide 224529232?
True
Is 106143913 a multiple of 247?
False
Is 152 a factor of 43228732?
False
Is 7173593 even?
False
Does 142 divide 110400004?
False
Is 7940139 a multiple of 54?
False
Is 2075 a factor of 1115065587?
False
Does 210 divide 6308610?
True
Does 305 divide 726937305?
True
Does 14 divide 40763254?
True
Is 61951614 a multiple of 45?
False
Does 207 divide 7757848?
False
Does 89 divide 66901712?
False
Does 115 divide 464582060?
True
Is 90569973 a multiple of 588?
False
Is 108920700 a multiple of 18?
True
Is 282509936 a multiple of 19?
True
Is 7172 a factor of 685588656?
False
Is 2010 a factor of 2143727310?
True
Does 44 divide 1272393892?
True
Is 2103097298 a multiple of 13993?
False
Does 320 divide 2652620803?
False
Is 307 a factor of 40740435?
True
Is 574350 a multiple of 35?
True
Is 45 a factor of 38934562?
False
Does 11 divide 120110977?
False
Is 1627178918 a multiple of 342?
False
Does 79 divide 2537901599?
False
Is 1034849162 a multiple of 1843?
False
Does 4 divide 4631821?
False
Does 433 divide 67605401?
False
Does 2013 divide 30626774?
False
Is 5387925 a multiple of 2?
False
Is 5 a factor of 1293635?
True
Is 26 a factor of 9115949?
False
Is 102 a factor of 2644037472?
True
Is 12 a factor of 179820720?
True
Is 252176652 a multiple of 468?
True
Does 141 divide 19052243?
False
Is 200900422 a multiple of 1466?
False
Is 57201109 a multiple of 604?
False
Is 193 a factor of 18401414?
False
Is 7 a factor of 48365707?
False
Is 55348942 a multiple of 13?
False
Is 1350 a factor of 6824250?
True
Does 82 divide 1373498110?
False
Is 40 a factor of 1312507471?
False
Does 4200 divide 877574562?
False
Is 789175260 a multiple of 114?
True
Is 98 a factor of 41453812?
False
Is 3 a factor of 49074615?
True
Is 5477060 a multiple of 622?
False
Does 1028 divide 537823900?
True
Does 41 divide 187605258?
True
Is 1144 a factor of 214177392?
True
Does 295 divide 1300010720?
True
Does 121 divide 9490877?
True
Is 32898918 a multiple of 19?
True
Is 238477254 a multiple of 201?
True
Does 921 divide 1048198389?
True
Does 32 divide 3508202?
False
Does 53 divide 134912984?
True
Does 31 divide 458419382?
True
Is 4514134 a multiple of 3?
False
Is 1571385 a multiple of 3?
True
Does 43 divide 178663520?
False
Does 79 divide 5237779?
True
Is 1092857464 a multiple of 1822?
True
Is 2409 a factor of 15570699?
False
Does 95 divide 49857374?
False
Is 1660710396 a multiple of 452?
False
Is 22 a factor of 88884950?
True
Is 184230825 a multiple of 3?
True
Does 2631 divide 27428175?
True
Is 12 a factor of 371775541?
False
Is 35 a factor of 324671865?
True
Is 5 a factor of 12352227?
False
Is 21 a factor of 202113555?
True
Is 1209236680 a multiple of 4990?
True
Is 319 a factor of 6346028?
False
Is 9 a factor of 630283242?
False
Is 573270163 a multiple of 1493?
False
Is 2321264010 a multiple of 30?
True
Does 2085 divide 156827445?
True
Is 12 a factor of 147862581?
False
Does 21 divide 2757540576?
True
Is 22 a factor of 96902234?
True
Is 62997470 a multiple of 310?
False
Is 1670 a factor of 2962787080?
True
Does 2739 divide 2247709626?
False
Is 232222404 a multiple of 3118?
True
Does 456 divide 1210297872?
True
Does 35 divide 2202579?
False
Is 38 a factor of 24699208?
False
Is 2548 a factor of 39666528?
False
Is 351 a factor of 35612337?
False
Is 215 a factor of 381222735?
True
Is 31 a factor of 2942724445?
True
Is 90792142 a multiple of 129?
False
Is 90243592 a multiple of 559?
False
Is 48426460 a multiple of 607?
True
Is 559 a factor of 12195177?
False
Is 4187 a factor of 4090464528?
True
Is 47 a factor of 2869570374?
False
Is 3882000 a multiple of 8?
True
Is 1038 a factor of 175883057?
False
Is 251413546 a multiple of 3094?
False
Does 843 divide 250367628?
True
Is 60932466 a multiple of 3409?
True
Does 568 divide 57610536?
True
Does 6 divide 427232838?
True
Is 1246373322 a multiple of 1351?
False
Does 3110 divide 351714920?
False
Is 3134873766 a multiple of 751?
True
Is 14 a factor of 102123644?
True
Does 70 divide 565614350?
True
Is 332 a factor of 10331364